{"id":647,"date":"2013-03-23T13:05:00","date_gmt":"2013-03-23T13:05:00","guid":{"rendered":"http:\/\/themenectar.com\/demo\/salient\/?page_id=16"},"modified":"2026-05-11T08:48:03","modified_gmt":"2026-05-11T15:48:03","slug":"about","status":"publish","type":"page","link":"https:\/\/mufreeplay.one\/?page_id=647","title":{"rendered":"About"},"content":{"rendered":"[vc_row type=&#8221;in_container&#8221; full_screen_row_position=&#8221;middle&#8221; column_margin=&#8221;default&#8221; column_direction=&#8221;default&#8221; column_direction_tablet=&#8221;default&#8221; column_direction_phone=&#8221;default&#8221; scene_position=&#8221;center&#8221; text_color=&#8221;dark&#8221; text_align=&#8221;left&#8221; row_border_radius=&#8221;none&#8221; row_border_radius_applies=&#8221;bg&#8221; overflow=&#8221;visible&#8221; overlay_strength=&#8221;0.3&#8243; gradient_direction=&#8221;left_to_right&#8221; shape_divider_position=&#8221;bottom&#8221; bg_image_animation=&#8221;none&#8221;][vc_column column_padding=&#8221;no-extra-padding&#8221; column_padding_tablet=&#8221;inherit&#8221; column_padding_phone=&#8221;inherit&#8221; column_padding_position=&#8221;all&#8221; column_element_spacing=&#8221;default&#8221; background_color_opacity=&#8221;1&#8243; background_hover_color_opacity=&#8221;1&#8243; column_shadow=&#8221;none&#8221; column_border_radius=&#8221;none&#8221; column_link_target=&#8221;_self&#8221; column_position=&#8221;default&#8221; gradient_direction=&#8221;left_to_right&#8221; overlay_strength=&#8221;0.3&#8243; width=&#8221;1\/1&#8243; tablet_width_inherit=&#8221;default&#8221; tablet_text_alignment=&#8221;default&#8221; phone_text_alignment=&#8221;default&#8221; animation_type=&#8221;default&#8221; bg_image_animation=&#8221;none&#8221; border_type=&#8221;simple&#8221; column_border_width=&#8221;none&#8221; column_border_style=&#8221;solid&#8221;][vc_column_text]\n<h2>B\u1ed0I C\u1ea2NH TI\u1ec0N TRUY\u1ec6N MU ONLINE<\/h2>\n<p>Trong MU Online, th\u1ebf gi\u1edbi MU l\u00e0 n\u01a1i t\u1ed3n t\u1ea1i song song gi\u1eefa \u00e1nh s\u00e1ng v\u00e0 b\u00f3ng t\u1ed1i.<\/p>\n<p>Kundun, con trai c\u1ee7a Ng\u00e0i Sekneum, t\u1eebng l\u00e0 m\u1ed9t v\u1ecb th\u1ea7n quy\u1ec1n n\u0103ng nh\u01b0ng b\u1ecb tha h\u00f3a b\u1edfi Ma Thu\u1eadt H\u1ed7n Mang (Chaos), tr\u1edf th\u00e0nh ch\u00faa t\u1ec3 b\u00f3ng t\u1ed1i. Nhi\u1ec1u th\u1ebf k\u1ef7 chi\u1ebfn tranh n\u1ed5 ra gi\u1eefa c\u00e1c v\u1ecb anh h\u00f9ng (nh\u01b0 Dark Knight, Elf, Wizard\u2026) v\u00e0 l\u1ef1c l\u01b0\u1ee3ng c\u1ee7a Kundun. Khi Kundun b\u1ecb phong \u1ea5n, th\u1ebf gi\u1edbi t\u01b0\u1edfng r\u1eb1ng h\u00f2a b\u00ecnh tr\u1edf l\u1ea1i, nh\u01b0ng phong \u1ea5n y\u1ebfu d\u1ea7n theo th\u1eddi gian\u2026<\/p>\n<h2>S\u1ef0 KH\u1edeI \u0110\u1ea6U M\u1edaI<br \/>\nMU PLAY FREE<\/h2>\n<p>Sau h\u00e0ng ngh\u00ecn n\u0103m, b\u00f3ng t\u1ed1i quay tr\u1edf l\u1ea1i. Kundun tr\u1ed7i d\u1eady m\u1ed9t l\u1ea7n n\u1eefa, mang theo qu\u00e2n \u0111o\u00e0n ma qu\u1ef7. Ph\u00e1p s\u01b0 v\u0129 \u0111\u1ea1i Icarus \u0111\u00e3 t\u00ecm c\u00e1ch du h\u00e0nh ng\u01b0\u1ee3c th\u1eddi gian \u0111\u1ec3 ng\u0103n ch\u1eb7n s\u1ef1 ph\u1ee5c sinh c\u1ee7a Kundun.<\/p>\n<p>Tuy nhi\u00ean, ph\u00e9p thu\u1eadt n\u00e0y b\u1ecb tr\u1ee5c tr\u1eb7c, khi\u1ebfn ng\u01b0\u1eddi ch\u01a1i (nh\u00e2n v\u1eadt ch\u00ednh &#8211; The Descendant) m\u1ea5t tr\u00ed nh\u1edb v\u00e0 b\u1ecb cu\u1ed1n v\u00e0o d\u00f2ng th\u1eddi gian h\u1ed7n lo\u1ea1n. B\u1ea1n t\u1ec9nh d\u1eady trong m\u1ed9t th\u1ebf gi\u1edbi tan hoang, n\u01a1i c\u00e1c th\u00e0nh tr\u00ec c\u1ee7a nh\u00e2n lo\u1ea1i \u0111ang b\u1ecb chi\u1ebfm \u0111\u00f3ng, v\u00e0 ph\u1ea3i t\u00ecm l\u1ea1i k\u00fd \u1ee9c, thu th\u1eadp s\u1ee9c m\u1ea1nh, \u0111\u1ec3 ng\u0103n ch\u1eb7n s\u1ed1 ph\u1eadn h\u1ee7y di\u1ec7t \u0111\u00e3 \u0111\u1ecbnh s\u1eb5n.<\/p>\n<h2>VI\u1ebeT TI\u1ebeP H\u00c0NH TR\u00ccNH C\u1ee6A B\u1ea0N!<\/h2>\n<p>\u0110\u1ebfn v\u1edbi h\u1eadu b\u1ea3n ch\u00ednh th\u1ee9c &#8211; MU Play Free, b\u1ea1n ch\u00ednh l\u00e0 h\u1eadu du\u1ec7 c\u1ee7a nh\u1eefng anh h\u00f9ng MU c\u1ed5 \u0111\u1ea1i, s\u1edf h\u1eefu s\u1ee9c m\u1ea1nh ti\u1ec1m \u1ea9n c\u00f3 th\u1ec3 \u0111\u1ed1i \u0111\u1ea7u v\u1edbi Kundun. C\u00f9ng nh\u1eadp vai v\u00e0o 1 trong 6 l\u1edbp nh\u00e2n v\u1eadt Blader, War Mage, Dark Lord, Whisperer, Spell Binder v\u00e0 Black Phantom \u0111\u1ec3 kh\u00e1m ph\u00e1 nh\u1eefng b\u00ed \u1ea9n c\u00f2n dang d\u1edf t\u1ea1i Play Free:<br \/>\n&#8211; T\u00ecm hi\u1ec3u v\u1ec1 b\u1ea3n th\u00e2n v\u00e0 l\u00fd do t\u1ea1i sao b\u1ea1n \u0111\u01b0\u1ee3c g\u1eedi v\u1ec1 qu\u00e1 kh\u1ee9.<br \/>\n&#8211; Kh\u00e1m ph\u00e1 th\u1ebf gi\u1edbi MU sau \u0111\u1ea1i th\u1ea3m h\u1ecda, bao g\u1ed3m c\u00e1c v\u00f9ng \u0111\u1ea5t nh\u01b0 Loren, Noria, Devias, Litenberg, v\u00e0 c\u00e1c C\u1ed5ng Th\u1eddi Gian (Time Portal).<br \/>\n&#8211; T\u1eadp h\u1ee3p \u0111\u1ed3ng minh, c\u00e1c ch\u1ee7ng t\u1ed9c v\u00e0 phe ph\u00e1i c\u00f2n s\u00f3t l\u1ea1i.<br \/>\n&#8211; \u0110\u1ed1i \u0111\u1ea7u v\u1edbi Kundun v\u00e0 qu\u00e2n \u0111o\u00e0n b\u00f3ng t\u1ed1i, trong m\u1ed9t cu\u1ed9c chi\u1ebfn mang t\u00ednh \u201ct\u00e1i \u0111\u1ecbnh m\u1ec7nh\u201d[\/vc_column_text][\/vc_column][\/vc_row]\n","protected":false},"excerpt":{"rendered":"<p>[vc_row type=&#8221;in_container&#8221; full_screen_row_position=&#8221;middle&#8221; column_margin=&#8221;default&#8221; column_direction=&#8221;default&#8221; column_direction_tablet=&#8221;default&#8221; column_direction_phone=&#8221;default&#8221; scene_position=&#8221;center&#8221; text_color=&#8221;dark&#8221; text_align=&#8221;left&#8221; row_border_radius=&#8221;none&#8221; row_border_radius_applies=&#8221;bg&#8221; overflow=&#8221;visible&#8221; overlay_strength=&#8221;0.3&#8243; gradient_direction=&#8221;left_to_right&#8221; shape_divider_position=&#8221;bottom&#8221; bg_image_animation=&#8221;none&#8221;][vc_column column_padding=&#8221;no-extra-padding&#8221; column_padding_tablet=&#8221;inherit&#8221; column_padding_phone=&#8221;inherit&#8221; column_padding_position=&#8221;all&#8221; column_element_spacing=&#8221;default&#8221; background_color_opacity=&#8221;1&#8243; background_hover_color_opacity=&#8221;1&#8243; column_shadow=&#8221;none&#8221; column_border_radius=&#8221;none&#8221; column_link_target=&#8221;_self&#8221; column_position=&#8221;default&#8221; gradient_direction=&#8221;left_to_right&#8221; overlay_strength=&#8221;0.3&#8243;&#8230;<\/p>\n","protected":false},"author":1,"featured_media":0,"parent":0,"menu_order":0,"comment_status":"open","ping_status":"open","template":"","meta":{"footnotes":""},"class_list":["post-647","page","type-page","status-publish"],"_links":{"self":[{"href":"https:\/\/mufreeplay.one\/index.php?rest_route=\/wp\/v2\/pages\/647","targetHints":{"allow":["GET"]}}],"collection":[{"href":"https:\/\/mufreeplay.one\/index.php?rest_route=\/wp\/v2\/pages"}],"about":[{"href":"https:\/\/mufreeplay.one\/index.php?rest_route=\/wp\/v2\/types\/page"}],"author":[{"embeddable":true,"href":"https:\/\/mufreeplay.one\/index.php?rest_route=\/wp\/v2\/users\/1"}],"replies":[{"embeddable":true,"href":"https:\/\/mufreeplay.one\/index.php?rest_route=%2Fwp%2Fv2%2Fcomments&post=647"}],"version-history":[{"count":1,"href":"https:\/\/mufreeplay.one\/index.php?rest_route=\/wp\/v2\/pages\/647\/revisions"}],"predecessor-version":[{"id":1009,"href":"https:\/\/mufreeplay.one\/index.php?rest_route=\/wp\/v2\/pages\/647\/revisions\/1009"}],"wp:attachment":[{"href":"https:\/\/mufreeplay.one\/index.php?rest_route=%2Fwp%2Fv2%2Fmedia&parent=647"}],"curies":[{"name":"wp","href":"https:\/\/api.w.org\/{rel}","templated":true}]}}